{"id":724,"date":"2012-05-21T16:42:05","date_gmt":"2012-05-21T13:42:05","guid":{"rendered":"http:\/\/www.opisto.fi\/drivingschool\/?page_id=724"},"modified":"2018-05-03T09:30:14","modified_gmt":"2018-05-03T09:30:14","slug":"hyva-tietaa","status":"publish","type":"page","link":"https:\/\/www.opisto.fi\/autokoulu2019\/pori\/?page_id=724","title":{"rendered":"Hyv\u00e4 tiet\u00e4\u00e4"},"content":{"rendered":"[vc_row][vc_column width=&#8221;1\/1&#8243;][vc_single_image image=&#8221;2178&#8243; style=&#8221;vc_box_shadow_3d&#8221; border_color=&#8221;grey&#8221; img_link_large=&#8221;&#8221; img_link_target=&#8221;_self&#8221; img_size=&#8221;full&#8221;][\/vc_column][\/vc_row][vc_row][vc_column width=&#8221;1\/2&#8243;][vc_column_text]<div class=\"su-service\"><div class=\"su-service-title\" style=\"padding-left:40px;min-height:26px;line-height:26px\"><i class=\"sui sui-check-square-o\" style=\"font-size:26px;color:#027b0e\"><\/i> Autokoulun voit aloittaa 12 kuukautta ennen syntym\u00e4p\u00e4iv\u00e4\u00e4si.<\/div><div class=\"su-service-content su-u-clearfix su-u-trim\" style=\"padding-left:40px\">Ajo-opetus aloitetaan suljetulla alueella tapahtuvalla k\u00e4sittelyopetuksella, huomioiden jokaisen aikaisemmat tiedot ja taidot. K\u00e4sittelyopetuksesta siirryt\u00e4\u00e4n j\u00e4rjestelm\u00e4llisesti kohti kuljettajatutkintoa.<\/div><\/div>\n<div class=\"su-service\"><div class=\"su-service-title\" style=\"padding-left:40px;min-height:26px;line-height:26px\"><i class=\"sui sui-check-square-o\" style=\"font-size:26px;color:#027b0e\"><\/i> 3 kuvaa ja l\u00e4\u00e4k\u00e4rintodistus<\/div><div class=\"su-service-content su-u-clearfix su-u-trim\" style=\"padding-left:40px\">Aloitettuasi kurssin muista tuoda l\u00e4\u00e4k\u00e4rintodistus ja 3 passikuvaa. 2 kuvaa ajokorttilupaan ja 1 opetuskorttia varten.<\/div><\/div>\n<div class=\"su-service\"><div class=\"su-service-title\" style=\"padding-left:40px;min-height:26px;line-height:26px\"><i class=\"sui sui-check-square-o\" style=\"font-size:26px;color:#027b0e\"><\/i> J\u00e4rjestyksess\u00e4 kehityt nopeiten<\/div><div class=\"su-service-content su-u-clearfix su-u-trim\" style=\"padding-left:40px\">Opetuksen tehostamiseksi oppitunnit ja ajo-opetus seuraavat toisiaan koko kurssin ajan.<\/div><\/div>\n<div class=\"su-service\"><div class=\"su-service-title\" style=\"padding-left:40px;min-height:26px;line-height:26px\"><i class=\"sui sui-check-square-o\" style=\"font-size:26px;color:#027b0e\"><\/i> Muista kuitenkin suorittaa Harjoitteluvaihe ja Syvent\u00e4v\u00e4 vaihe 2 vuoden sis\u00e4ll\u00e4.<\/div><div class=\"su-service-content su-u-clearfix su-u-trim\" style=\"padding-left:40px\">Liikenneopiston kursseille voit ilmoittautua joka p\u00e4iv\u00e4.<\/div><\/div>[\/vc_column_text][\/vc_column][vc_column width=&#8221;1\/2&#8243;][vc_column_text]<div class=\"su-service\"><div class=\"su-service-title\" style=\"padding-left:40px;min-height:26px;line-height:26px\"><i class=\"sui sui-check-square-o\" style=\"font-size:26px;color:#027b0e\"><\/i> Palautejakso varataan hyv\u00e4ksytyn ajokokeen j\u00e4lkeen autokoululta<\/div><div class=\"su-service-content su-u-clearfix su-u-trim\" style=\"padding-left:40px\">Voit tulla suorittamaan Syvent\u00e4v\u00e4\u00e4 vaihetta 3 kuukauden p\u00e4\u00e4st\u00e4 B-ajokortin saamisesta. Jos ajokoe on suoritettu 19.1.2013 j\u00e4lkeen, pit\u00e4\u00e4 sinulla olla harjoitteluvaiheen palautejakso suoritettuna! Palautejakso varataan hyv\u00e4ksytyn ajokokeen j\u00e4lkeen autokoululta ja suositeltava aika siihen on 1 kk ajokokeesta. <\/div><\/div>[\/vc_column_text][vc_column_text]<div class=\"su-service\"><div class=\"su-service-title\" style=\"padding-left:40px;min-height:26px;line-height:26px\"><i class=\"sui sui-check-square-o\" style=\"font-size:26px;color:#027b0e\"><\/i> Autokoulu Liikenneopisto<\/div><div class=\"su-service-content su-u-clearfix su-u-trim\" style=\"padding-left:40px\"> Historiaa ja nykyaikaa&#8230;<\/div><\/div>[\/vc_column_text][vc_video link=&#8221;https:\/\/www.youtube.com\/watch?v=KlnNYZreOU0&#8243;][vc_column_text]<a href=\"https:\/\/www.youtube.com\/watch?t=23&amp;v=KlnNYZreOU0\" target=\"_blank\" rel=\"noopener\">avaa video isona&#8230;<\/a>[\/vc_column_text][\/vc_column][\/vc_row]\n","protected":false},"excerpt":{"rendered":"<p>[vc_row][vc_column width=&#8221;1\/1&#8243;][vc_single_image image=&#8221;2178&#8243; style=&#8221;vc_box_shadow_3d&#8221; border_color=&#8221;grey&#8221; img_link_large=&#8221;&#8221; img_link_target=&#8221;_self&#8221; img_size=&#8221;full&#8221;][\/vc_column][\/vc_row][vc_row][vc_column width=&#8221;1\/2&#8243;][vc_column_text] [\/vc_column_text][\/vc_column][vc_column width=&#8221;1\/2&#8243;][vc_column_text][\/vc_column_text][vc_column_text][\/vc_column_text][vc_video link=&#8221;https:\/\/www.youtube.com\/watch?v=KlnNYZreOU0&#8243;][vc_column_text]avaa video isona&#8230;[\/vc_column_text][\/vc_column][\/vc_row]<\/p>\n","protected":false},"author":1,"featured_media":0,"parent":0,"menu_order":0,"comment_status":"closed","ping_status":"closed","template":"","meta":{"_joinchat":[],"footnotes":""},"class_list":["post-724","page","type-page","status-publish","hentry"],"_links":{"self":[{"href":"https:\/\/www.opisto.fi\/autokoulu2019\/pori\/index.php?rest_route=\/wp\/v2\/pages\/724","targetHints":{"allow":["GET"]}}],"collection":[{"href":"https:\/\/www.opisto.fi\/autokoulu2019\/pori\/index.php?rest_route=\/wp\/v2\/pages"}],"about":[{"href":"https:\/\/www.opisto.fi\/autokoulu2019\/pori\/index.php?rest_route=\/wp\/v2\/types\/page"}],"author":[{"embeddable":true,"href":"https:\/\/www.opisto.fi\/autokoulu2019\/pori\/index.php?rest_route=\/wp\/v2\/users\/1"}],"replies":[{"embeddable":true,"href":"https:\/\/www.opisto.fi\/autokoulu2019\/pori\/index.php?rest_route=%2Fwp%2Fv2%2Fcomments&post=724"}],"version-history":[{"count":8,"href":"https:\/\/www.opisto.fi\/autokoulu2019\/pori\/index.php?rest_route=\/wp\/v2\/pages\/724\/revisions"}],"predecessor-version":[{"id":2871,"href":"https:\/\/www.opisto.fi\/autokoulu2019\/pori\/index.php?rest_route=\/wp\/v2\/pages\/724\/revisions\/2871"}],"wp:attachment":[{"href":"https:\/\/www.opisto.fi\/autokoulu2019\/pori\/index.php?rest_route=%2Fwp%2Fv2%2Fmedia&parent=724"}],"curies":[{"name":"wp","href":"https:\/\/api.w.org\/{rel}","templated":true}]}}